 - 4/3*r**3. Give u(6).
-11
Let t(g) be the third derivative of g**6/120 - 7*g**5/60 + 5*g**4/8 - g**3/3 + 4*g**2 - 2*g + 203. Give t(4).
10
Let f be -53 - (-6 + 25/5). Let q = 56 + f. Let p(o) = 5 + 6*o - o**2 - q*o**2 + 0 + 4*o**2. What is p(6)?
5
Let v(q) = 11*q + 10. Let s(l) = -5*l - 4. Let g(y) = -5*s(y) - 2*v(y). Give g(-4).
-12
Suppose -7*g + 30 = 16. Let r be (0/g + -2)*(-50 + 49). Let h(s) = -s + 0*s**2 - 1 - s**2 - s. What is h(r)?
-9
Let l be 122/793 - (-24)/13. Let j(s) = 447*s**2 - 448*s**l - 5 + 2*s + 1. Let q = 11 + -8. Give j(q).
-7
Let o(w) = 7*w + 104. Let p(x) = x + 27. Let n(k) = o(k) - 4*p(k). Determine n(-6).
-22
Let j = -29825 - -29835. Let w(a) = 2*a**3 - 19*a**2 - 7*a + 1. Calculate w(j).
31
Let p(j) be the third derivative of -j**6/120 - j**5/60 + j**4/24 - j**3/3 - 24*j**2. Let w be (-7)/1 - (-8)/(6 + -4). Determine p(w).
13
Let w(b) = -61*b**2 - 3 - 6*b**2 - 7*b + 20*b - 7*b - 4*b. Determine w(1).
-68
Let h be 62/14 + -5 - (-300)/84. Let i(c) be the first derivative of -c**3/3 - c**2/2 + 7*c - 1. What is i(h)?
-5
Let f(p) be the first derivative of p**2/2 + 6*p + 47. Let o(c) = c + 5. Suppose -3*s + 2*s - 2 = 0. Let l(t) = s*o(t) + 3*f(t). Calculate l(-6).
2
Let k(j) = 3*j**2 - 6*j + 14. Let l(m) = -7*m**2 + 12*m - 30. Let y be ((-105)/6)/7*16/(-20). Let x(q) = y*l(q) + 5*k(q). Calculate x(4).
2
Let w(m) = -3*m - 40. Let d(s) = -198*s - 2717. Let c(f) = d(f) - 77*w(f). Give c(-11).
0
Let y(n) be the first derivative of -1/2*n**4 - 2*n - 37 - 1/3*n**3 - n**2. What is y(-2)?
14
Let g(z) = z**3 - z**2 - z - 1. Let a(x) = 3*x**3 + x**2 - 4*x - 9. Let l(r) = a(r) - 2*g(r). Let y be (-63)/12 - -2 - (-17)/68. What is l(y)?
-1
Let c(v) = 8*v. Let l be -94*(2/(16/(-20)) - 4). Let o = l + -615. Determine c(o).
-32
Let g = -84 - -94. Suppose -2*x - g = 4*h, 2*x - x = -5*h - 8. Let i(d) = 3*d + 2. Determine i(x).
-7
Let v = 15982 - 15982. Let l(n) be the third derivative of v - 6*n**2 + 2/3*n**3 - 1/3*n**4 - 1/60*n**5 + 0*n. Calculate l(-8).
4
Let x be (-3)/(-2) + 156/(-8) + (-14)/(-14). Let r(m) = -m**2 - 21*m - 74. What is r(x)?
-6
Let s(a) = 3*a - 163*a**3 + 289*a**3 + 1 - 129*a**3 + 2*a**2. Give s(-2).
27
Let t(s) = 23*s**2 + 5 + 2*s + 20*s - 3*s**3 + 4*s**3. Let h be t(-22). Suppose h*a - 7 = 13. Let x(k) = -k**3 + 3*k**2 + 3*k - 5. Calculate x(a).
-9
Let r be 2/1*-1*20/(-8). Suppose i = r*d - 16, 5*d - i + 3*i - 13 = 0. Let v(s) = -d*s - s**2 - 4*s + 7 + 0*s**2 + 4*s. Determine v(-5).
-3
Let w(b) = -37*b + 7. Let r(s) = -2*s**2 + 97*s - 143. Let j be r(47). What is w(j)?
81
Let q = -36 + 66. Suppose 0 = -3*x - 5*h - 4 - 5, -q = 3*x - 2*h. Let j be 1 + -2*(-12)/x. Let n(w) = w**3 - 2*w. What is n(j)?
-4
Let j(d) be the third derivative of 0 + 1/6*d**3 + 0*d - 1/24*d**4 - 34*d**2. What is j(6)?
-5
Let a(g) = -g**3 + 2*g**2 - g + 1. Let u(c) = -9*c**3 + 33*c**2 + 13*c - 28. Let y(q) = -8*a(q) + u(q). Determine y(18).
18
Let r(m) = -19*m + 63. Let i(j) = -j**3 - 5*j**2 + 12*j - 11. Let g be i(-7). Determine r(g).
6
Let s(k) = k**2 + 22*k - 32. Suppose 17*c - 5*f + 22 = -305, -4*c - 2*f = 96. Determine s(c).
-53
Let v(g) = 818 - 2*g**2 - 2*g - 406 + 3*g - g**3 - 406. Calculate v(-5).
76
Let n(y) = 2*y**2 - 3*y + 580. Let d(a) = -a**2 + 8*a - 291. Let l(u) = -7*d(u) - 4*n(u). Calculate l(-36).
5
Let n(s) = -73*s - 6424. Let h be n(-88). Let l(x) = -2*x**3 - x**2 + 3*x - 36. What is l(h)?
-36
Let c = -23171 + 23161. Let y(o) = -o**3 - 15*o**2 - 40*o - 7. Give y(c).
-107
Let x(j) = j**2 + 86*j - 855. Let n be x(9). Let f(b) = 3*b**3 + 3*b**2 + 8*b - 18. Let t(k) = -k**3 - k**2 - 3*k + 6. Let l(a) = 3*f(a) + 8*t(a). Give l(n).
-6
Let i(z) = z**2 - z + 1. Let v(n) = 9*n**2 - 18*n - 5. Let p(l) = 8*i(l) - v(l). Suppose -d - 3*a = -5 - 18, -4 = -a. Determine p(d).
2
Let c be (252/20)/(-7) - (-2)/(-10). Suppose -4*l - 3 = -7*l. Let r be c/l - 7 - -5. Let q(s) = s**2 + 5*s + 4. Determine q(r).
0
Let j(n) = -n**2 - 6. Let v be -2*(-10)/(-4) - -11. Suppose 5*o - 8 = 4*b, -v*b = 2*o - 11*b - 10. What is j(o)?
-6
Let r(a) = -24. Let x(k) = -k - 81. Let w(i) = 7*r(i) - 2*x(i). Determine w(5).
4
Let d = 104 - 100. Let j(o) = o**2 - 10*o - 6. Let n be 2/13 + 444/156. Let l(h) = h**2 - 9*h - 5. Let b(r) = n*j(r) - 4*l(r). Determine b(d).
10
Let y = 24016 + -24014. Let r(t) be the first derivative of -y*t**3 + 2*t**2 + t + 1/4*t**4 + 1. Determine r(5).
-4
Let j(s) = -10*s**2 - 3*s - 1. Let r = -3852 - -3851. Give j(r).
-8
Let q(d) = -18 - 2 + 21 - 4*d. Let k = 42 - 2. Let r = -39 + k. Calculate q(r).
-3
Let b(s) be the first derivative of -s**2 - 3*s - 364. Calculate b(-5).
7
Let a(x) = 97 - 50*x - 164 + 92*x - 189. Calculate a(6).
-4
Let c = 3924 - 3923. Let h(n) = 24*n - 1. Let v(b) = -73*b + 3. Let a(s) = -8*h(s) - 3*v(s). Determine a(c).
26
Let q be (-5 - -4)/(2/66). Let p = 31 + q. Let r be p/4*1*(15 - 3). Let a(v) = -v - 7. Give a(r).
-1
Let k(u) = -2*u. Suppose 0 = -56*z + 38*z. What is k(z)?
0
Let q(m) = -5*m**3 - 7*m**2 + 13*m - 13. Let a(t) = -t**3 + 2*t - 3. Let b(u) = -4*a(u) + q(u). Determine b(-6).
-67
Let j(b) be the second derivative of -b**3/6 - 4*b**2 + 613*b. Determine j(3).
-11
Let x = 6423 - 6420. Let w(b) = 15*b - 32. Determine w(x).
13
Let i(w) = w**2 - 5*w - 2. Let d(f) = -2*f**2 - 15*f - 2. Let u be d(-7). Let s be -1 + (2 - 0/(-1)). Let a be ((-144)/(-84))/(u/(-7) + s). What is i(a)?
4
Let u(a) = -a**2 - 3*a - 1. Let n(k) = 0*k + 3*k + 2*k - 4*k - 18. Let t be n(15). Give u(t).
-1
Suppose 0 = -106*a + 105*a - 5*c + 7, -a - 4*c = -2. Let v(u) = u**2 + 7*u - 203. Give v(a).
-5
Let t(u) be the third derivative of u**5/60 + u**4/4 - 7*u**3/6 - 7*u**2 - 2. Suppose 0 = -10*v + 9*v - 5. Determine t(v).
-12
Let f(t) = t**3 + t**2 + t + 1. Let c(i) = 6*i**3 - 2*i**2 - 10*i + 25. Let b(d) = c(d) - 5*f(d). Give b(9).
47
Let r(q) = 14*q**2 - 18*q - 78. Let a(t) = -23*t**2 + 37*t + 158. Let m(z) = -3*a(z) - 5*r(z). Calculate m(-5).
-4
Let j = -22343 + 1340591/60. Let m(a) be the third derivative of -1/6*a**3 + j*a**6 + 1/60*a**5 + 0*a + 0 + 0*a**4 + 17*a**2. Give m(-1).
-22
Let i(y) = 19*y + 1. Suppose 16*g - 20*g = x + 2, -16 = -x + 5*g. Suppose 2 = x*v - 8*v. Determine i(v).
-18
Let r(g) = g**3 + 9*g**2 - 26. Let m be -24 - (-19)/((-19)/(-15)). What is r(m)?
-26
Let p(o) = -o**3 - 4*o**2 + 14*o + 5. Let i(m) = 16*m**2 - 60*m - 22. Let w be i(4). Calculate p(w).
-7
Let s(p) = -122*p**3 - 18*p**2 - 29*p - 156. Let v(c) = -43*c**3 - 7*c**2 - 10*c - 52. Let l(w) = 6*s(w) - 17*v(w). Give l(10).
8
Let f(j) = -j + 2. Let h be (-16)/(-10)*20/8. Suppose h*g = -42 + 6. Determine f(g).
11
Let q = 34 + -34. Suppose -l = q, 5*w - 6 = 3*w - l. Let t(n) = -n - 4*n + 3 + 6*n**2 + 4*n + 0*n**3 + n**w. Determine t(-6).
9
Let a(f) = 121*f + 22. Let w(j) = 149*j + 22. Let i(o) = -5*a(o) + 4*w(o). What is i(6)?
-76
Let m(d) be the first derivative of -3/2*d**2 + 1/4*d**4 + 33 - 5/3*d**3 + 4*d. Let k = -23 + 28. Determine m(k).
-11
Let p(f) = -f**3 + 26*f**2 + 26*f + 27. Let n be -8 + (336/(-30) - -7)/(6/(-50)). Give p(n).
0
Let j(r) be the first derivative of -r**4/4 + 2*r**3 + 7*r**2/2 + 6*r - 2. Let d(q) = -15*q + 248. Let g be d(16). Let i be (5*g/20 - -5)/1. Give j(i).
6
Suppose 4*c + 77 = 73. Let z(t) = t**2 + 8*t + 13. Let y be z(-7). Let l(b) = y*b - b - 2*b. Give l(c).
-3
Let z = 8 + -11. Let n(s) = -3 + 2*s + 3 + 2 + 2. Give n(z).
-2
Let s(q) = 5*q - 7*q**2 + q**3 - 13*q - 2 + 0*q**3. Let g = -197 + 250. Let t = -45 + g. Give s(t).
-2
Let x(k) = -k**3 + 2*k**2 + 3*k + 1. Suppose 7*b + 1372 = -21*b. Let m be (1 - 2 - 46)/(-1). Let u = m + b. Determine x(u).
11
Let s(k) = -4*k**3 - k**2 - 11*k + 7. Let d(c) = -3*c**3 - 10*c + 6. Suppose -7*f + 4*f = 3, -3*h = 4*f - 8. Let j(y) = h*s(y) - 5*d(y). Calculate j(-5).
-7
Let q = -6 - -8. Suppose 0 = -l + 2*m + 4, -4*m + 84 = 3*l + 92. Let z(n) = -10*n**q + l + 11*n**2 + 6*n + 6. Give z(-5).
1
Let c(z) = -z + 185. Let d(m) = m - 155. Let w(j) = 6*c(j) + 7*d(j). What is w(-14)?
11
Let o(g) = -2*g**3 - 6*g**2 - 12*g - 31. Let y be o(-3). Let c(a) = -333*a**2 - y + 330*a**2 - 9*a + 13. Determine c(-4).
-4
Let d(i) be the first derivative of 1 + 0*i**2 - 1/3*i**3 - 24*i. Suppose 3*n + 33 = -284*t + 281*t, n = t - 11. Determine d(t).
-24
Let l(f) = -39*f - 3430. Let a be l(-88). Suppose -53 = -2*k +